{"id":8541,"date":"2024-12-06T13:17:20","date_gmt":"2024-12-06T12:17:20","guid":{"rendered":"https:\/\/paria-edition.fr\/?post_type=product&#038;p=8541"},"modified":"2026-04-28T10:06:45","modified_gmt":"2026-04-28T08:06:45","slug":"precommande-extension-5-les-archives-oublies-deck-building-tactique-copie","status":"publish","type":"product","link":"https:\/\/paria-edition.fr\/index.php\/produit\/precommande-extension-5-les-archives-oublies-deck-building-tactique-copie\/","title":{"rendered":"[Nouveaut\u00e9] Extension sc\u00e9naris\u00e9e 5 : Les archives oubli\u00e9es : Deck building tactique"},"content":{"rendered":"<p>Retrouvez l&rsquo;int\u00e9gralit\u00e9 du projet en d\u00e9tail en suivant ce lien : <a href=\"https:\/\/www.kickstarter.com\/projects\/alexrousseau\/odv-le-deck-building-tactique-les-scenarios?ref=user_menu\" target=\"_blank\" rel=\"noopener\">https:\/\/www.kickstarter.com\/projects\/alexrousseau\/odv-le-deck-building-tactique-les-scenarios?ref=user_menu<\/a><\/p>\n<p>Cette extension introduit le mode campagne du jeu. Par campagne, nous entendons une s\u00e9rie d&rsquo;affrontements sc\u00e9naris\u00e9s, chacun avec des objectifs sp\u00e9cifiques, des r\u00e8gles, des conditions de victoire et de d\u00e9faite qui \u00e9voluent au fil du jeu.<\/p>\n<p>Visuellement, cette extension pourrait presque \u00eatre consid\u00e9r\u00e9e comme un nouveau jeu. Sa bo\u00eete, de la m\u00eame taille que celle du jeu de base, est con\u00e7ue pour contenir toutes les cartes n\u00e9cessaires au mode sc\u00e9nario. Ainsi, vous aurez l&rsquo;espace ad\u00e9quat pour ranger les futurs sc\u00e9narios que nous cr\u00e9erons dans les ann\u00e9es \u00e0 venir.<\/p>\n<h4 id=\"h:20-affrontements-re-partis-sur-2-sce-narios\" class=\"page-anchor\">20 affrontements r\u00e9partis sur 2 sc\u00e9narios<\/h4>\n<p>L&rsquo;extension propose actuellement deux sc\u00e9narios, comportant respectivement 12 et 8 affrontements. Chaque affrontement dure en moyenne 1 heure, ce qui porte la dur\u00e9e totale \u00e0 environ 25-30 heures, incluant les phases d&rsquo;am\u00e9lioration des h\u00e9ros et vos discussions strat\u00e9giques. Cependant, il est probable que cette estimation soit en de\u00e7\u00e0 de la r\u00e9alit\u00e9.<\/p>\n<p>Cette extension contient\u00a0 :<\/p>\n<ul>\n<li>Voir image<\/li>\n<\/ul>\n<p>Le jeu de base est n\u00e9cessaire pour utiliser cette extension.<\/p>\n","protected":false},"excerpt":{"rendered":"<p>Retrouvez l&rsquo;int\u00e9gralit\u00e9 du projet en d\u00e9tail en suivant ce lien : <a href=\"https:\/\/www.kickstarter.com\/projects\/alexrousseau\/odv-le-deck-building-tactique-les-scenarios?ref=user_menu\" target=\"_blank\" rel=\"noopener\">https:\/\/www.kickstarter.com\/projects\/alexrousseau\/odv-le-deck-building-tactique-les-scenarios?ref=user_menu<\/a><\/p>\n<p>Cette extension introduit le mode campagne du jeu. Par campagne, nous entendons une s\u00e9rie d&rsquo;affrontements sc\u00e9naris\u00e9s, chacun avec des objectifs sp\u00e9cifiques, des r\u00e8gles, des conditions de victoire et de d\u00e9faite qui \u00e9voluent au fil du jeu.<\/p>\n<p>Visuellement, cette extension pourrait presque \u00eatre consid\u00e9r\u00e9e comme un nouveau jeu. Sa bo\u00eete, de la m\u00eame taille que celle du jeu de base, est con\u00e7ue pour contenir toutes les cartes n\u00e9cessaires au mode sc\u00e9nario. Ainsi, vous aurez l&rsquo;espace ad\u00e9quat pour ranger les futurs sc\u00e9narios que nous cr\u00e9erons dans les ann\u00e9es \u00e0 venir.<\/p>\n<p>Le lien vers le ks avec plein d&rsquo;info : <a href=\"https:\/\/www.kickstarter.com\/projects\/alexrousseau\/odv-le-deck-building-tactique-les-scenarios?ref=user_menu\" target=\"_blank\" rel=\"noopener\">Ici<\/a><\/p>\n<p>*N\u00e9cessite le jeu de base pour \u00eatre utilis\u00e9e*<\/p>\n<p>*Ceci n&rsquo;est pas un late pledge, il ne donne pas acc\u00e8s aux extensions cosm\u00e9tiques du ks*<\/p>\n","protected":false},"featured_media":8310,"template":"","meta":{"_seopress_robots_primary_cat":"","_seopress_titles_title":"","_seopress_titles_desc":"","_seopress_robots_index":"","_et_pb_use_builder":"","_et_pb_old_content":"","_et_gb_content_width":""},"product_brand":[],"product_cat":[139],"product_tag":[57,136,60,135,56,58],"class_list":{"0":"post-8541","1":"product","2":"type-product","3":"status-publish","4":"has-post-thumbnail","6":"product_cat-ordre-de-veiel-deckbuilding-tactique","7":"product_tag-cooperation","8":"product_tag-deck-building","9":"product_tag-entraide","10":"product_tag-extension","11":"product_tag-fantasy","12":"product_tag-modublable","13":"product_shipping_class-boite-odv-standard","15":"first","16":"instock","17":"taxable","18":"shipping-taxable","19":"purchasable","20":"product-type-simple"},"_links":{"self":[{"href":"https:\/\/paria-edition.fr\/index.php\/wp-json\/wp\/v2\/product\/8541","targetHints":{"allow":["GET"]}}],"collection":[{"href":"https:\/\/paria-edition.fr\/index.php\/wp-json\/wp\/v2\/product"}],"about":[{"href":"https:\/\/paria-edition.fr\/index.php\/wp-json\/wp\/v2\/types\/product"}],"wp:featuredmedia":[{"embeddable":true,"href":"https:\/\/paria-edition.fr\/index.php\/wp-json\/wp\/v2\/media\/8310"}],"wp:attachment":[{"href":"https:\/\/paria-edition.fr\/index.php\/wp-json\/wp\/v2\/media?parent=8541"}],"wp:term":[{"taxonomy":"product_brand","embeddable":true,"href":"https:\/\/paria-edition.fr\/index.php\/wp-json\/wp\/v2\/product_brand?post=8541"},{"taxonomy":"product_cat","embeddable":true,"href":"https:\/\/paria-edition.fr\/index.php\/wp-json\/wp\/v2\/product_cat?post=8541"},{"taxonomy":"product_tag","embeddable":true,"href":"https:\/\/paria-edition.fr\/index.php\/wp-json\/wp\/v2\/product_tag?post=8541"}],"curies":[{"name":"wp","href":"https:\/\/api.w.org\/{rel}","templated":true}]}}