{"id":8333,"date":"2024-11-18T17:06:25","date_gmt":"2024-11-18T16:06:25","guid":{"rendered":"https:\/\/paria-edition.fr\/?post_type=product&#038;p=8333"},"modified":"2026-01-29T14:23:56","modified_gmt":"2026-01-29T13:23:56","slug":"precommande-tapis-de-jeu-souris-16-euros","status":"publish","type":"product","link":"https:\/\/paria-edition.fr\/index.php\/produit\/precommande-tapis-de-jeu-souris-16-euros\/","title":{"rendered":"[Nouveaut\u00e9] Tapis de jeu \/ souris"},"content":{"rendered":"<p>Sur votre demande sp\u00e9ciale, nous avons l\u2019immense honneur de vous proposer un tapis en n\u00e9opr\u00e8ne, format 61*33 cm, id\u00e9al pour toutes vos \u00e9pop\u00e9es. Brod\u00e9 avec soin sur les bords et d\u2019une \u00e9paisseur assurant r\u00e9sistance et position \u00e0 plat, ce tapis saura \u00eatre votre fid\u00e8le compagnon lors de vos p\u00e9riples dans des contr\u00e9es aussi intr\u00e9pides qu\u2019exotiques (Genre la boutique du coin de la rue). En plus de pr\u00eacher avec ferveur la noble parole de l&rsquo;Ordre de Veiel, vous pourrez le faire avec une classe qui ferait p\u00e2lir d\u2019envie m\u00eame un grand duc. Bref, un accessoire indispensable pour allier foi et style !<\/p>\n<div class=\"template asset\" contenteditable=\"false\" data-alt-text=\"\" data-caption=\"\" data-id=\"47152120\">Retrouvez l&rsquo;int\u00e9gralit\u00e9 du projet en d\u00e9tail en suivant ce lien : <a href=\"https:\/\/www.kickstarter.com\/projects\/alexrousseau\/odv-le-deck-building-tactique-les-scenarios?ref=user_menu\" target=\"_blank\" rel=\"noopener\">https:\/\/www.kickstarter.com\/projects\/alexrousseau\/odv-le-deck-building-tactique-les-scenarios?ref=user_menu<\/a><\/div>\n","protected":false},"excerpt":{"rendered":"<p>Sur votre demande sp\u00e9ciale, nous avons l\u2019immense honneur de vous proposer un tapis en n\u00e9opr\u00e8ne, format 61*33 cm, id\u00e9al pour toutes vos \u00e9pop\u00e9es. Brod\u00e9 avec soin sur les bords et d\u2019une \u00e9paisseur assurant r\u00e9sistance et position \u00e0 plat, ce tapis saura \u00eatre votre fid\u00e8le compagnon lors de vos p\u00e9riples dans des contr\u00e9es aussi intr\u00e9pides qu\u2019exotiques (Genre la boutique du coin de la rue). En plus de pr\u00eacher avec ferveur la noble parole de l&rsquo;Ordre de Veiel, vous pourrez le faire avec une classe qui ferait p\u00e2lir d\u2019envie m\u00eame un grand duc. Bref, un accessoire indispensable pour allier foi et style !<\/p>\n<p>Retrouvez l&rsquo;int\u00e9gralit\u00e9 du projet en d\u00e9tail en suivant ce lien : <a href=\"https:\/\/www.kickstarter.com\/projects\/alexrousseau\/odv-le-deck-building-tactique-les-scenarios?ref=user_menu\" target=\"_blank\" rel=\"noopener\">https:\/\/www.kickstarter.com\/projects\/alexrousseau\/odv-le-deck-building-tactique-les-scenarios?ref=user_menu<\/a><\/p>\n","protected":false},"featured_media":8334,"template":"","meta":{"_et_pb_use_builder":"","_et_pb_old_content":"","_et_gb_content_width":""},"product_brand":[],"product_cat":[100],"product_tag":[57,136,60,135,56,58],"class_list":{"0":"post-8333","1":"product","2":"type-product","3":"status-publish","4":"has-post-thumbnail","6":"product_cat-acc","7":"product_tag-cooperation","8":"product_tag-deck-building","9":"product_tag-entraide","10":"product_tag-extension","11":"product_tag-fantasy","12":"product_tag-modublable","13":"product_shipping_class-boite-odv-standard","15":"first","16":"instock","17":"taxable","18":"shipping-taxable","19":"purchasable","20":"product-type-simple"},"_links":{"self":[{"href":"https:\/\/paria-edition.fr\/index.php\/wp-json\/wp\/v2\/product\/8333","targetHints":{"allow":["GET"]}}],"collection":[{"href":"https:\/\/paria-edition.fr\/index.php\/wp-json\/wp\/v2\/product"}],"about":[{"href":"https:\/\/paria-edition.fr\/index.php\/wp-json\/wp\/v2\/types\/product"}],"wp:featuredmedia":[{"embeddable":true,"href":"https:\/\/paria-edition.fr\/index.php\/wp-json\/wp\/v2\/media\/8334"}],"wp:attachment":[{"href":"https:\/\/paria-edition.fr\/index.php\/wp-json\/wp\/v2\/media?parent=8333"}],"wp:term":[{"taxonomy":"product_brand","embeddable":true,"href":"https:\/\/paria-edition.fr\/index.php\/wp-json\/wp\/v2\/product_brand?post=8333"},{"taxonomy":"product_cat","embeddable":true,"href":"https:\/\/paria-edition.fr\/index.php\/wp-json\/wp\/v2\/product_cat?post=8333"},{"taxonomy":"product_tag","embeddable":true,"href":"https:\/\/paria-edition.fr\/index.php\/wp-json\/wp\/v2\/product_tag?post=8333"}],"curies":[{"name":"wp","href":"https:\/\/api.w.org\/{rel}","templated":true}]}}