{"id":10909,"date":"2025-11-01T00:00:51","date_gmt":"2025-10-31T23:00:51","guid":{"rendered":"https:\/\/paria-edition.fr\/?post_type=product&#038;p=10909"},"modified":"2026-03-26T12:41:22","modified_gmt":"2026-03-26T11:41:22","slug":"set-de-de-metaux-noir-rouge-avec-dragon-usine-au-milieu-pour-jeu-de-role-ref-4","status":"publish","type":"product","link":"https:\/\/paria-edition.fr\/index.php\/produit\/set-de-de-metaux-noir-rouge-avec-dragon-usine-au-milieu-pour-jeu-de-role-ref-4\/","title":{"rendered":"Set de d\u00e9 m\u00e9taux noir\/rouge avec dragon usin\u00e9 au milieu pour jeu de r\u00f4le (Ref 4)"},"content":{"rendered":"<p>Set de d\u00e9 m\u00e9taux noir\/rouge avec dragon usin\u00e9 au milieu pour jeu de r\u00f4le (Ref 4)<br \/>\nSet de JDR standard dans une boite en m\u00e9tal estampill\u00e9e odv.<\/p>\n","protected":false},"excerpt":{"rendered":"<p>Set de d\u00e9 m\u00e9taux noir\/rouge avec dragon usin\u00e9 au milieu pour jeu de r\u00f4le (Ref 4)<br \/>\nSet de JDR standard dans une boite en m\u00e9tal estampill\u00e9e odv.<\/p>\n","protected":false},"featured_media":11335,"template":"","meta":{"_et_pb_use_builder":"","_et_pb_old_content":"","_et_gb_content_width":""},"product_brand":[],"product_cat":[100,132],"product_tag":[],"class_list":{"0":"post-10909","1":"product","2":"type-product","3":"status-publish","4":"has-post-thumbnail","6":"product_cat-acc","7":"product_cat-de","9":"first","10":"instock","11":"sale","12":"featured","13":"taxable","14":"shipping-taxable","15":"purchasable","16":"product-type-simple"},"_links":{"self":[{"href":"https:\/\/paria-edition.fr\/index.php\/wp-json\/wp\/v2\/product\/10909","targetHints":{"allow":["GET"]}}],"collection":[{"href":"https:\/\/paria-edition.fr\/index.php\/wp-json\/wp\/v2\/product"}],"about":[{"href":"https:\/\/paria-edition.fr\/index.php\/wp-json\/wp\/v2\/types\/product"}],"wp:featuredmedia":[{"embeddable":true,"href":"https:\/\/paria-edition.fr\/index.php\/wp-json\/wp\/v2\/media\/11335"}],"wp:attachment":[{"href":"https:\/\/paria-edition.fr\/index.php\/wp-json\/wp\/v2\/media?parent=10909"}],"wp:term":[{"taxonomy":"product_brand","embeddable":true,"href":"https:\/\/paria-edition.fr\/index.php\/wp-json\/wp\/v2\/product_brand?post=10909"},{"taxonomy":"product_cat","embeddable":true,"href":"https:\/\/paria-edition.fr\/index.php\/wp-json\/wp\/v2\/product_cat?post=10909"},{"taxonomy":"product_tag","embeddable":true,"href":"https:\/\/paria-edition.fr\/index.php\/wp-json\/wp\/v2\/product_tag?post=10909"}],"curies":[{"name":"wp","href":"https:\/\/api.w.org\/{rel}","templated":true}]}}