{"id":842,"date":"2019-01-14T16:31:06","date_gmt":"2019-01-14T15:31:06","guid":{"rendered":"https:\/\/paria-edition.fr\/?page_id=842"},"modified":"2025-07-04T18:31:58","modified_gmt":"2025-07-04T16:31:58","slug":"informations-legales","status":"publish","type":"page","link":"https:\/\/paria-edition.fr\/index.php\/informations-legales\/","title":{"rendered":"Informations l\u00e9gales"},"content":{"rendered":"[et_pb_section fb_built=\u00a0\u00bb1&Prime; admin_label=\u00a0\u00bbsection\u00a0\u00bb _builder_version=\u00a0\u00bb4.27.4&Prime; hover_enabled=\u00a0\u00bb0&Prime; global_colors_info=\u00a0\u00bb{}\u00a0\u00bb background_color=\u00a0\u00bb#080B13&Prime; sticky_enabled=\u00a0\u00bb0&Prime;][et_pb_row admin_label=\u00a0\u00bbrow\u00a0\u00bb _builder_version=\u00a0\u00bb4.16&Prime; background_size=\u00a0\u00bbinitial\u00a0\u00bb background_position=\u00a0\u00bbtop_left\u00a0\u00bb background_repeat=\u00a0\u00bbrepeat\u00a0\u00bb global_colors_info=\u00a0\u00bb{}\u00a0\u00bb][et_pb_column type=\u00a0\u00bb4_4&Prime; _builder_version=\u00a0\u00bb4.16&Prime; custom_padding=\u00a0\u00bb|||\u00a0\u00bb global_colors_info=\u00a0\u00bb{}\u00a0\u00bb custom_padding__hover=\u00a0\u00bb|||\u00a0\u00bb][et_pb_text admin_label=\u00a0\u00bbText\u00a0\u00bb _builder_version=\u00a0\u00bb4.27.4&Prime; background_size=\u00a0\u00bbinitial\u00a0\u00bb background_position=\u00a0\u00bbtop_left\u00a0\u00bb background_repeat=\u00a0\u00bbrepeat\u00a0\u00bb hover_enabled=\u00a0\u00bb0&Prime; global_colors_info=\u00a0\u00bb{}\u00a0\u00bb text_text_color=\u00a0\u00bb#FFFFFF\u00a0\u00bb header_text_color=\u00a0\u00bb#FFFFFF\u00a0\u00bb sticky_enabled=\u00a0\u00bb0&Prime; header_2_text_color=\u00a0\u00bb#FFFFFF\u00a0\u00bb]<p><\/p>\n<h2 class=\"wp-block-heading\">Identification Paria :<\/h2>\n<p><\/p>\n<p><strong>PARIA EDITION<\/strong><br \/>27 Route de la Ch\u00e2tre<br \/>36 120 Ardentes<br \/>FRANCE<\/p>\n<p><\/p>\n<p>SAS PARIA EDITION<br \/>SIREN : 848344685<br \/>SIRET : 84834468500021<br \/>APE : 5811Z<br \/>TVA Intracommunautaire : FR59848344685<br \/>CAPITAL : 16 000 \u20ac<\/p>\n<p><\/p>\n<p>Pr\u00e9sident : David Rousseau<br \/>Directeur g\u00e9n\u00e9ral : Alexandre Rousseau<\/p>\n<p><\/p>\n<p>Contact :\u00a0<a href=\"https:\/\/pariaparia.fr\/index.php\/contact\/\">https:\/\/paria-edition.fr\/index.php\/contact\/<\/a><\/p>\n<p><\/p>\n<p><\/p>\n<h2 class=\"wp-block-heading\">Identification H\u00e9bergeur :<\/h2>\n<p><\/p>\n<p><\/p>\n<h1 class=\"wp-block-heading\">OVH<\/h1>\n<p><\/p>\n<p>SAS au capital de 10 069 020 \u20ac<br \/>RCS Lille M\u00e9tropole 424 761 419 00045<br \/>Code APE 2620Z<br \/>N\u00b0 TVA : FR 22 424 761 419<br \/>Si\u00e8ge social : 2 rue Kellermann &#8211; 59100 Roubaix &#8211; France<\/p>\n<p><\/p>\n<p>Directeur g\u00e9n\u00e9ral : Miroslaw KLABA<br \/>Directeur de la publication : Octave<br \/>Directeur g\u00e9n\u00e9ral d\u00e9l\u00e9gu\u00e9 : Octave KLABA<br \/>Directeur g\u00e9n\u00e9ral d\u00e9l\u00e9gu\u00e9 : Halina KLABA<br \/><\/p>\n<p>SA \u00e0 conseil d&rsquo;administration<br \/>SIREN (RCS Nanterre) : 501 106 520<br \/>SIRET : 501 106 520 0049<br \/>TVA Intracommunautaire : FR 89 501 106 520<br \/>CAPITAL : 1 270 837 \u20ac<br \/>C\u00e9dric SIR\u00c9, Pr\u00e9sident<br \/>Contact : 0.811.69.41.42.<\/p>\n<p><\/p>\n<p><\/p>\n<p><\/p>[\/et_pb_text][\/et_pb_column][\/et_pb_row][\/et_pb_section]","protected":false},"excerpt":{"rendered":"<p>Identification Paria : PARIA EDITION27 Route de la Ch\u00e2tre36 120 ArdentesFRANCE SAS PARIA EDITIONSIREN : 848344685SIRET : 84834468500021APE : 5811ZTVA Intracommunautaire : FR59848344685CAPITAL : 16 000 \u20ac Pr\u00e9sident : David RousseauDirecteur g\u00e9n\u00e9ral : Alexandre Rousseau Contact :\u00a0https:\/\/paria-edition.fr\/index.php\/contact\/ Identification H\u00e9bergeur : OVH SAS au capital de 10 069 020 \u20acRCS Lille M\u00e9tropole 424 761 419 00045Code [&hellip;]<\/p>\n","protected":false},"author":1,"featured_media":0,"parent":0,"menu_order":0,"comment_status":"closed","ping_status":"closed","template":"","meta":{"_et_pb_use_builder":"on","_et_pb_old_content":"<!-- wp:heading -->\n<h2 class=\"wp-block-heading\">Identification Paria :<\/h2>\n<!-- \/wp:heading -->\n\n<!-- wp:paragraph -->\n<p><strong>PARIA EDITION<\/strong><br>27 Route de la Ch\u00e2tre<br>36 120 Ardentes<br>FRANCE<\/p>\n<!-- \/wp:paragraph -->\n\n<!-- wp:paragraph -->\n<p>SAS PARIA EDITION<br>SIREN : 848344685<br>SIRET : 84834468500021<br>APE : 5811Z<br>TVA Intracommunautaire : FR59848344685<br>CAPITAL : 16 000 \u20ac<\/p>\n<!-- \/wp:paragraph -->\n\n<!-- wp:paragraph -->\n<p>Pr\u00e9sident : David Rousseau<br>Directeur g\u00e9n\u00e9ral : Alexandre Rousseau<\/p>\n<!-- \/wp:paragraph -->\n\n<!-- wp:paragraph -->\n<p>Contact :&nbsp;<a href=\"https:\/\/pariaparia.fr\/index.php\/contact\/\">https:\/\/paria-edition.fr\/index.php\/contact\/<\/a><\/p>\n<!-- \/wp:paragraph -->\n\n<!-- wp:heading -->\n<h2 class=\"wp-block-heading\">Identification H\u00e9bergeur :<\/h2>\n<!-- \/wp:heading -->\n\n<!-- wp:heading {\"level\":1} -->\n<h1 class=\"wp-block-heading\">OVH<\/h1>\n<!-- \/wp:heading -->\n\n<!-- wp:paragraph -->\n<p>SAS au capital de 10 069 020 \u20ac<br>RCS Lille M\u00e9tropole 424 761 419 00045<br>Code APE 2620Z<br>N\u00b0 TVA : FR 22 424 761 419<br>Si\u00e8ge social : 2 rue Kellermann - 59100 Roubaix -  France <\/p>\n<!-- \/wp:paragraph -->\n\n<!-- wp:paragraph -->\n<p>Directeur g\u00e9n\u00e9ral : Miroslaw KLABA<br>Directeur de la publication : Octave <br>Directeur g\u00e9n\u00e9ral d\u00e9l\u00e9gu\u00e9 : Octave KLABA <br>Directeur g\u00e9n\u00e9ral d\u00e9l\u00e9gu\u00e9 : Halina KLABA <br><\/p>\n<!-- \/wp:paragraph -->\n\n<!-- wp:paragraph -->\n<p>SA \u00e0 conseil d'administration<br>SIREN (RCS Nanterre) : 501 106 520 <br>SIRET : 501 106 520 0049 <br>TVA Intracommunautaire : FR 89 501 106 520 <br>CAPITAL : 1 270 837 \u20ac <br>C\u00e9dric SIR\u00c9, Pr\u00e9sident <br>Contact : 0.811.69.41.42. <\/p>\n<!-- \/wp:paragraph -->\n\n<!-- wp:paragraph -->\n<p><\/p>\n<!-- \/wp:paragraph -->","_et_gb_content_width":"","footnotes":""},"class_list":["post-842","page","type-page","status-publish","hentry"],"_links":{"self":[{"href":"https:\/\/paria-edition.fr\/index.php\/wp-json\/wp\/v2\/pages\/842","targetHints":{"allow":["GET"]}}],"collection":[{"href":"https:\/\/paria-edition.fr\/index.php\/wp-json\/wp\/v2\/pages"}],"about":[{"href":"https:\/\/paria-edition.fr\/index.php\/wp-json\/wp\/v2\/types\/page"}],"author":[{"embeddable":true,"href":"https:\/\/paria-edition.fr\/index.php\/wp-json\/wp\/v2\/users\/1"}],"replies":[{"embeddable":true,"href":"https:\/\/paria-edition.fr\/index.php\/wp-json\/wp\/v2\/comments?post=842"}],"version-history":[{"count":11,"href":"https:\/\/paria-edition.fr\/index.php\/wp-json\/wp\/v2\/pages\/842\/revisions"}],"predecessor-version":[{"id":10012,"href":"https:\/\/paria-edition.fr\/index.php\/wp-json\/wp\/v2\/pages\/842\/revisions\/10012"}],"wp:attachment":[{"href":"https:\/\/paria-edition.fr\/index.php\/wp-json\/wp\/v2\/media?parent=842"}],"curies":[{"name":"wp","href":"https:\/\/api.w.org\/{rel}","templated":true}]}}